 Suppose 5*j - h = -4*q, -4*j + 2*j = -3*q + 91. Suppose 5*g = -6 + q. What is the units digit of g?
5
What is the units digit of ((10/8)/(-5))/(2/(-184))?
3
Suppose 5*w - 89 = 141. What is the units digit of w?
6
Suppose -k = 5*d - 15, 3*d - 3 - 8 = -k. What is the units digit of k?
5
Let m = -158 + 275. What is the units digit of m?
7
Let d = 0 - -2. What is the units digit of 6 + (-2)/(-3 + d)?
8
Let f = 96 - -264. What is the tens digit of f?
6
Let l(v) = -294*v + 3. What is the tens digit of l(-1)?
9
Suppose 6*j - 151 = 83. What is the tens digit of j?
3
Let f(y) be the third derivative of y**4/24 + 2*y**3/3 - 6*y**2. What is the units digit of f(9)?
3
Let m be (2/(-4))/(3/168). Let a = m - -47. What is the tens digit of a?
1
Suppose 3*x = -k + 6, x = -4*k + 3 - 12. Suppose 3*n = -2*m - 0*n + 21, 3*n + 54 = x*m. What is the units digit of m?
5
Let c(j) be the first derivative of -13*j**4/2 - j**3/3 + j**2/2 + j - 3. What is the units digit of c(-1)?
5
Suppose -6*o + 42 = -3*o. What is the tens digit of o?
1
Let y(p) = -p + 1. Let j be y(-5). Let f(q) be the third derivative of q**4/12 - 4*q**3/3 + 2*q**2. What is the units digit of f(j)?
4
Let f(s) = 14*s - 4. What is the tens digit of f(3)?
3
Let m(t) = -t - 3. What is the units digit of m(-4)?
1
Suppose -2*y + 6 = -0*y. Suppose -g = -y*g + 2. What is the units digit of g?
1
Let v(r) = -3*r**2 - 15*r - 1. Let b(u) = 5*u**2 + 29*u + 2. Let o(f) = 4*b(f) + 7*v(f). What is the tens digit of o(10)?
1
Let o(l) = -l**2 + 6*l - 2. Let x be o(5). Let n(r) = r**2 - r - 4. What is the units digit of n(x)?
2
Suppose -4*o - 31 + 183 = -4*d, -2 = -d. What is the units digit of o?
0
Let y be (3/2)/((-2)/(-4)). Suppose -3*d + 3 = y*k - 6, -2*d + 7 = 3*k. Suppose -5*r + 14 + k = 0. What is the units digit of r?
3
Let b be (-1 - -4)/((-3)/(-2)). What is the units digit of 28/(-6)*(-3)/b?
7
Suppose 13 = 5*f + 33. Let u = 13 + f. What is the units digit of u?
9
Let r = 21 + -37. Let h = r + 19. What is the units digit of h?
3
Let h be (-4)/10 + 42/5. Suppose 5*q - h - 52 = 0. What is the units digit of q?
2
Suppose -1800 = 16*v - 25*v. What is the tens digit of v?
0
Let y(h) = h**2 + h - 1. Let x be 3 + 0 + 1/1. Suppose 2*j + w + 10 = x*w, -2*w = 2*j. What is the units digit of y(j)?
1
Let a(y) = y**3 + 2 + 5 + y + 6*y**2 + 5*y. Suppose 4*r + 25 = -r. What is the units digit of a(r)?
2
Suppose 5*s + q = -3*q - 34, -5*q - 5 = 0. Let p = 12 + s. What is the units digit of p?
6
Let g = 2 - -10. What is the tens digit of g?
1
Suppose 19 = -2*x - 5*u, -4*u = -3*x - 0*x + 29. Suppose -g - g - x*t + 43 = 0, -85 = -5*g - 3*t. What is the units digit of g?
4
Let j(z) = -15*z - 17. What is the hundreds digit of j(-13)?
1
Let t(q) = 5*q + 0*q + 5 + q**2 - 1 - q**3 - 4*q. What is the units digit of t(0)?
4
Let q(t) = -4*t**3 - t**2 + 2. What is the tens digit of q(-2)?
3
Let b(f) = -f**3 + f. Let r be b(0). Suppose r = -0*l + l + 5*o + 1, -2*l = -4*o - 12. What is the units digit of l?
4
What is the units digit of -136*5/(-10)*1?
8
Let t = 6 + -3. Let c = 16 - t. Suppose -5*w = -c - 37. What is the tens digit of w?
1
Suppose 0 = 5*w + 13 + 37. Suppose 0 = -0*f + 4*f - 4*s + 84, -5*f + 2*s = 102. Let n = w - f. What is the units digit of n?
0
What is the units digit of 12/66 - (0 - 31/11)?
3
Suppose 60 = -0*g + 3*g. What is the tens digit of g?
2
What is the tens digit of 5/(-10) - (-5)/((-10)/(-563))?
8
Suppose -g + 3*g - 4 = 0. Let w = 0 + g. What is the units digit of w?
2
Let q = 385 + -87. What is the hundreds digit of q?
2
Suppose -u - 1140 = -6*u. What is the units digit of 1/(2 - u/116)?
9
Let v be (-10)/(1*-4 + 2). Suppose 0 = 5*t - 6 - 14. Suppose -v + 1 = -t*f. What is the units digit of f?
1
Let w(p) = 12*p + 50. What is the tens digit of w(9)?
5
Let p(f) = 2*f - 5. Let a(m) = -2*m**3 - m**2 + 3*m + 1. Let g be a(-2). What is the units digit of p(g)?
9
What is the tens digit of (3 - 33)*(-10)/25?
1
Suppose -40 = -3*x + x. What is the units digit of x?
0
What is the units digit of -5*(-4)/10*1 - -145?
7
Let u(q) = -3*q**2 + 25*q - 4. Let i(b) = b**2 - 12*b + 2. Let s(m) = 5*i(m) + 2*u(m). What is the units digit of s(-10)?
2
Let b(t) = -t + 2. What is the tens digit of b(-28)?
3
Let z(l) = -6*l + 1. Let h be z(-3). Suppose -3*t = -4*t + h. What is the tens digit of t?
1
Suppose -o = -2 - 36. What is the tens digit of o?
3
Suppose 52*s = 47*s + 395. What is the tens digit of s?
7
Suppose 4*i = 5*h - 18, -3*h - i = -3*i - 10. What is the units digit of 1/h*(65 + -3)?
1
Suppose -7*r + 2*r + p - 20 = 0, 5*p - 13 = -4*r. Let j be (-14)/(-21) + (-4)/r. Suppose k = -t + 2 + 1, j*t = -5*k + 12. What is the units digit of k?
2
Suppose 2*i = 5*i - 2*z - 564, -2*i + 389 = 3*z. What is the tens digit of i?
9
Let w(p) = p + 15. Let k be w(-11). Suppose 0 = -k*h - 4, -4*h + 8 - 1 = b. What is the units digit of b?
1
Suppose 2*w + 2*d = 502, -2*w - 302 = -d - 789. What is the hundreds digit of w?
2
Suppose -2*d + 1 = -1. Let n(q) = -q**3 + q. Let v be n(d). Suppose 20 = 5*i - v. What is the units digit of i?
4
Suppose 6*t - t - 25 = 0. Suppose -l + t*x + 49 = 3*l, -4*l - 2*x + 14 = 0. What is the units digit of l?
6
Suppose -7*x = -3*x - 12. Suppose -z = 0, x*d + 3*z = -4 + 10. Suppose -d*s + 21 = s. What is the units digit of s?
7
Let l be (2/(-1))/(-2) - -59. Suppose -4*h + 9*h = l. What is the tens digit of h?
1
Suppose 10*u - 5*u - 100 = 0. Let v = 84 - 44. Suppose u + v = 4*q. What is the units digit of q?
5
Let x be -8 + 5 - (-3)/1. Suppose -29 = -2*m - 5*g, 3*g + x*g - 3 = 0. What is the tens digit of m?
1
Let c = -2 + 0. Let j(m) = m**3 + 4*m**2 + 2*m + 3. What is the units digit of j(c)?
7
Let w(u) = -u - 1. Let a be w(-3). Suppose -43 = a*h - 5*h - 4*g, 2*g - 74 = -4*h. What is the tens digit of h?
2
Let k = -40 + 64. What is the tens digit of k?
2
Let w(t) = 2*t - 3. Let z be w(3). Suppose -j - 33 = -6*d + 5*d, z*j - 33 = -d. Suppose -5*s + 7 = -d. What is the units digit of s?
8
Let g = 30 + -7. What is the units digit of g?
3
Let x = -8 + 12. What is the units digit of ((-34)/x - 0)*-4?
4
Let i(n) be the first derivative of -6*n**2 + 1. Let k be i(1). Let d = k - -23. What is the tens digit of d?
1
Let m be (-96)/(-2)*(0 - -1). Let x = -24 + m. What is the tens digit of x?
2
Suppose -4*k - k = 3*j - 338, 0 = -4*j - 4*k + 456. What is the units digit of j?
6
Suppose -3*x + 4*x - 41 = 0. What is the tens digit of x?
4
Let f be (36/16)/(2/(-8)). Let j(p) = -p**3 - 10*p**2 - 12*p - 4. What is the tens digit of j(f)?
2
Let g(y) = 3*y**2 - 5*y + 1. Let x(h) = h**2 - h - 1. Let w(l) = g(l) - 2*x(l). What is the units digit of w(5)?
3
Let x(o) = -o**3 - 7*o**2 + 9*o + 9. What is the tens digit of x(-9)?
9
Let o be (-1)/((1 - -1)/(-4)). What is the units digit of ((-180)/(-54))/(o/15)?
5
Let k = 222 + -127. What is the tens digit of k?
9
Let l(y) = y**3 - 3*y**2 + 4*y - 3. Let c be l(2). Suppose 5*u + c = 6. What is the units digit of -3 + 2/u + 2?
1
Let m = 1 + 30. What is the units digit of m?
1
Let j(h) = -h - 1. Let r be j(-6). Suppose r*i + 4*w - 10 = 0, i + 5*w = 2*w - 9. What is the units digit of 3/i + 3/6?
1
What is the units digit of (-30)/(-45) - ((-7)/3 - -2)?
1
Let k(p) = 4*p**3 - 3*p**2 - 12*p + 8. Let d(t) = -t**3 - t**2 + t. Let h(x) = 5*d(x) + k(x). What is the units digit of h(-7)?
8
Suppose -3*p + 4*r = -0*p - 134, 0 = -2*p - r + 104. What is the tens digit of p?
5
Suppose 3*x - 16*o + 17*o - 738 = 0, 1230 = 5*x + o. What is the tens digit of x?
4
Suppose 43 = 2*s - 173. What is the tens digit of s?
0
Let b = 0 + 153. What is the units digit of b?
3
Let h be 8*-3*20/(-6). Suppose -3*g = g - h. Suppose -z - 4*z + g = 0. What is the units digit of z?
4
Suppose 5*a - 564 = 316. What is the units digit of a?
6
Let g(f) = -f**3 + 3*f**2 + 4*f + 1. Let a be g(4). What is the units digit of a/(0 - 2)*-14?
7
Suppose f + 33 = 7*a - 3*a, -f = -a + 12. Let i(z) = -2*z**2 + z**2 + 5*z + 1 + 0*z**2 + 2*z. What is the units digit of i(a)?
1
Suppose 3*l + 1 - 28 = 0. What is the units digit of l?
9
Suppose -3*l + 8*z = 4*z + 38, 2*l = -3*z + 3. Let w be (l/(-15))/(2/10). Suppose -5*o + 4 = -w*i, 0*o - 2*i + 10 = 2*o. What is the units digit of o?
2
Let t(o) = o**3 - 9*o**2 + o - 2. Let z be t(10). Let a = z + 